{"id":96,"date":"2014-12-26T22:28:42","date_gmt":"2014-12-26T21:28:42","guid":{"rendered":"http:\/\/www.mansueviva.it\/cineforum\/wp\/?page_id=96"},"modified":"2022-01-05T13:38:11","modified_gmt":"2022-01-05T12:38:11","slug":"presentazione-2015","status":"publish","type":"page","link":"https:\/\/www.mansueviva.it\/cineforum\/wp\/","title":{"rendered":"Presentazione 2015"},"content":{"rendered":"<h4><strong>CINEFORUM PARROCCHIALE, 2015<\/strong><\/h4>\n<p>Si riparte: con cinque\u00a0proiezioni il <strong>Cineforum di Mansu\u00e8 e Basalghelle<\/strong> ritorna. \u00c9 diventata tradizione del periodo gennaio-febbraio per le parrocchie di Mansu\u00e8 e Basalghelle, ma anche per gli affezionati dell\u2019opitergino-mottense e del coneglianese, l\u2019appuntamento con il Cineforum, un\u2019iniziativa culturale aperta alle idee, e alle diverse idee, sempre ad ingresso libero.<\/p>\n<p>In linea con le ultime edizioni, concepite come cineforum tematici avendo proposto <strong><em>\u201cOltre i muri\u201d<\/em> nel 2013<\/strong> (sul tema delle divisioni e contrapposizioni) ed <strong><em>\u201cEstremi\u201d<\/em> nel 2014<\/strong> (dedicato ai paradossi e alle contraddizioni della societ\u00e0 contemporanea), il nuovo ciclo presenta <strong><em>\u201cQuale uomo?\u201d<\/em><\/strong>, intendendo far riflettere sul rapporto tra individui, societ\u00e0, natura e potere, tra identit\u00e0 e modelli occidentali e altri modi e mondi esistenziali.<\/p>\n<p>Il programma prevede sia film recenti che storici, alcuni pi\u00f9 noti \u2013 ma che meritano di essere rivisti e meditati \u2013 altri quasi sconosciuti \u2013 ma che \u00e8 giusto approfondire \u2013 con generi che variano dal documentario etico-sociale come <strong>\u201cTerra Madre\u201d (2009) di Ermanno Olmi<\/strong> e <strong>\u201cMedici con l\u2019Africa\u201d (2012) di Carlo Mazzacurati<\/strong>, al film di viaggio come <strong>\u201cDersu Uzala\u201d (1975) di Akira Kurosawa<\/strong>, alla commedia drammatica contemporanea come <strong>\u201cThe Truman Show\u201d (1998) di Peter Weir<\/strong>, al musical drammatico su tema storico come <strong>\u201cLes Miserables\u201d (2012) di Tom Hooper<\/strong>, rielaborazione del capolavoro letterario di Victor Hugo.<\/p>\n<p>In ognuno di questi film emergono vite e figure di uomini, che vivono contesti diversi e distanti nello spazio come nel tempo, interpretate da registi con \u201ccineprese\u201d (punti di vista, idee) diverse, ma, che comunque ci presentano realt\u00e0 esistenziali interrogandoci su <strong>\u201cQuale uomo?\u201d<\/strong> abbiamo incontrato, e quindi su quali sono le concezioni e le relative problematiche esistenziali.<\/p>\n<p>E, a fine del ciclo, poi, a noi che viviamo in un tempo che ha la caratteristica della velocit\u00e0, della globalizzazione indifferenziata, che sembra aver perso i princ\u00ecpi-limiti morali, religiosi, raccogliendo i messaggi dei film visti, verr\u00e0 spontaneo chiederci \u201cQuali uomini?\u201d e anche \u201cQuale (tra questi \u00e8 l\u2019)Uomo?\u201d.<br \/>\nL\u2019appuntamento \u00e8 presso la canonica di Basalghelle,<strong> venerd\u00ec 16 gennaio, alle ore 20,20: con \u201cTerra Madre\u201d il Cineforum 2015 riparte.<\/strong><\/p>\n<hr \/>\n<p><strong>Il calendario delle proiezioni \u00e8 il seguente:<\/strong><\/p>\n<p><strong>Venerd\u00ec 16 Gennaio 2015 ore 20.20<\/strong> \u201cTerra Madre\u201d (2009) di Ermanno Olmi<br \/>\npresentatore moderatore: <strong>prof. Luca Galante<\/strong><\/p>\n<p><strong>Venerd\u00ec 23 Gennaio 2015 ore 20.20<\/strong> \u201cDersu Uzala\u201d (1975) di Akira Kurosawa<br \/>\npresentatore moderatore: <strong>prof. Gianni Pignat<\/strong><\/p>\n<p><strong>Venerd\u00ec 30 Gennaio 2015 ore 20.20<\/strong> \u201cLes Miserables\u201d \u00a0di Tom Hooper<br \/>\npresentatore moderatore: <strong>prof.ssa Mara Masetto<\/strong><\/p>\n<p><strong>Venerd\u00ec 6 Febbraio 2015 ore 20.20<\/strong> \u201cThe Truman Show\u201d (1998) di Peter Weir<br \/>\npresentatore moderatore:\u00a0<strong>prof.ssa Chiara Leoni e dott. Angelo Brega<\/strong><\/p>\n<p><strong>Venerd\u00ec 13 Febbraio 2015 ore 20.20<\/strong> \u201cMedici con l\u2019Africa\u201d (2012) di Carlo Mazzacurati<br \/>\npresentatore moderatore: <strong>dott. Rinaldo Bonadio \u2013 Africa Chiama di Conegliano<\/strong><\/p>\n<p><span style=\"line-height: 1.714285714; font-size: 1rem;\">Le proiezioni si terranno di venerd\u00ec, alle ore 20,20; a fine proiezione, \u00e8 previsto il dibattito sul film e sulle problematiche affrontate. L\u2019ingresso, come da tradizione e in linea con lo spirito dell\u2019iniziativa, \u00e8 libero.<\/span><\/p>\n<p>Il comitato organizzatore (Graziano, Roberto e Silvano)<\/p>\n","protected":false},"excerpt":{"rendered":"<p>CINEFORUM PARROCCHIALE, 2015 Si riparte: con cinque\u00a0proiezioni il Cineforum di Mansu\u00e8 e Basalghelle ritorna. \u00c9 diventata tradizione del periodo gennaio-febbraio per le parrocchie di Mansu\u00e8 e Basalghelle, ma anche per gli affezionati dell\u2019opitergino-mottense e del coneglianese, l\u2019appuntamento con il Cineforum, un\u2019iniziativa culturale aperta alle idee, e alle diverse idee, sempre ad ingresso libero. In linea &hellip; <\/p>\n<p class=\"link-more\"><a href=\"https:\/\/www.mansueviva.it\/cineforum\/wp\/\" class=\"more-link\">Leggi tutto<span class=\"screen-reader-text\"> &#8220;Presentazione 2015&#8221;<\/span><\/a><\/p>\n","protected":false},"author":1,"featured_media":0,"parent":0,"menu_order":0,"comment_status":"closed","ping_status":"closed","template":"","meta":[],"_links":{"self":[{"href":"https:\/\/www.mansueviva.it\/cineforum\/wp\/index.php?rest_route=\/wp\/v2\/pages\/96"}],"collection":[{"href":"https:\/\/www.mansueviva.it\/cineforum\/wp\/index.php?rest_route=\/wp\/v2\/pages"}],"about":[{"href":"https:\/\/www.mansueviva.it\/cineforum\/wp\/index.php?rest_route=\/wp\/v2\/types\/page"}],"author":[{"embeddable":true,"href":"https:\/\/www.mansueviva.it\/cineforum\/wp\/index.php?rest_route=\/wp\/v2\/users\/1"}],"replies":[{"embeddable":true,"href":"https:\/\/www.mansueviva.it\/cineforum\/wp\/index.php?rest_route=%2Fwp%2Fv2%2Fcomments&post=96"}],"version-history":[{"count":14,"href":"https:\/\/www.mansueviva.it\/cineforum\/wp\/index.php?rest_route=\/wp\/v2\/pages\/96\/revisions"}],"predecessor-version":[{"id":230,"href":"https:\/\/www.mansueviva.it\/cineforum\/wp\/index.php?rest_route=\/wp\/v2\/pages\/96\/revisions\/230"}],"wp:attachment":[{"href":"https:\/\/www.mansueviva.it\/cineforum\/wp\/index.php?rest_route=%2Fwp%2Fv2%2Fmedia&parent=96"}],"curies":[{"name":"wp","href":"https:\/\/api.w.org\/{rel}","templated":true}]}}

<h4><strong>CINEFORUM PARROCCHIALE, 2015</strong></h4>
<p>Si riparte: con cinque proiezioni il <strong>Cineforum di Mansuè e Basalghelle</strong> ritorna. É diventata tradizione del periodo gennaio-febbraio per le parrocchie di Mansuè e Basalghelle, ma anche per gli affezionati dell’opitergino-mottense e del coneglianese, l’appuntamento con il Cineforum, un’iniziativa culturale aperta alle idee, e alle diverse idee, sempre ad ingresso libero.</p>
<p>In linea con le ultime edizioni, concepite come cineforum tematici avendo proposto <strong><em>“Oltre i muri”</em> nel 2013</strong> (sul tema delle divisioni e contrapposizioni) ed <strong><em>“Estremi”</em> nel 2014</strong> (dedicato ai paradossi e alle contraddizioni della società contemporanea), il nuovo ciclo presenta <strong><em>“Quale uomo?”</em></strong>, intendendo far riflettere sul rapporto tra individui, società, natura e potere, tra identità e modelli occidentali e altri modi e mondi esistenziali.</p>
<p>Il programma prevede sia film recenti che storici, alcuni più noti – ma che meritano di essere rivisti e meditati – altri quasi sconosciuti – ma che è giusto approfondire – con generi che variano dal documentario etico-sociale come <strong>“Terra Madre” (2009) di Ermanno Olmi</strong> e <strong>“Medici con l’Africa” (2012) di Carlo Mazzacurati</strong>, al film di viaggio come <strong>“Dersu Uzala” (1975) di Akira Kurosawa</strong>, alla commedia drammatica contemporanea come <strong>“The Truman Show” (1998) di Peter Weir</strong>, al musical drammatico su tema storico come <strong>“Les Miserables” (2012) di Tom Hooper</strong>, rielaborazione del capolavoro letterario di Victor Hugo.</p>
<p>In ognuno di questi film emergono vite e figure di uomini, che vivono contesti diversi e distanti nello spazio come nel tempo, interpretate da registi con “cineprese” (punti di vista, idee) diverse, ma, che comunque ci presentano realtà esistenziali interrogandoci su <strong>“Quale uomo?”</strong> abbiamo incontrato, e quindi su quali sono le concezioni e le relative problematiche esistenziali.</p>
<p>E, a fine del ciclo, poi, a noi che viviamo in un tempo che ha la caratteristica della velocità, della globalizzazione indifferenziata, che sembra aver perso i princìpi-limiti morali, religiosi, raccogliendo i messaggi dei film visti, verrà spontaneo chiederci “Quali uomini?” e anche “Quale (tra questi è l’)Uomo?”.<br />
L’appuntamento è presso la canonica di Basalghelle,<strong> venerdì 16 gennaio, alle ore 20,20: con “Terra Madre” il Cineforum 2015 riparte.</strong></p>
<hr />
<p><strong>Il calendario delle proiezioni è il seguente:</strong></p>
<p><strong>Venerdì 16 Gennaio 2015 ore 20.20</strong> “Terra Madre” (2009) di Ermanno Olmi<br />
presentatore moderatore: <strong>prof. Luca Galante</strong></p>
<p><strong>Venerdì 23 Gennaio 2015 ore 20.20</strong> “Dersu Uzala” (1975) di Akira Kurosawa<br />
presentatore moderatore: <strong>prof. Gianni Pignat</strong></p>
<p><strong>Venerdì 30 Gennaio 2015 ore 20.20</strong> “Les Miserables”  di Tom Hooper<br />
presentatore moderatore: <strong>prof.ssa Mara Masetto</strong></p>
<p><strong>Venerdì 6 Febbraio 2015 ore 20.20</strong> “The Truman Show” (1998) di Peter Weir<br />
presentatore moderatore: <strong>prof.ssa Chiara Leoni e dott. Angelo Brega</strong></p>
<p><strong>Venerdì 13 Febbraio 2015 ore 20.20</strong> “Medici con l’Africa” (2012) di Carlo Mazzacurati<br />
presentatore moderatore: <strong>dott. Rinaldo Bonadio – Africa Chiama di Conegliano</strong></p>
<p><span style="line-height: 1.714285714; font-size: 1rem;">Le proiezioni si terranno di venerdì, alle ore 20,20; a fine proiezione, è previsto il dibattito sul film e sulle problematiche affrontate. L’ingresso, come da tradizione e in linea con lo spirito dell’iniziativa, è libero.</span></p>
<p>Il comitato organizzatore (Graziano, Roberto e Silvano)</p>

<p>CINEFORUM PARROCCHIALE, 2015 Si riparte: con cinque proiezioni il Cineforum di Mansuè e Basalghelle ritorna. É diventata tradizione del periodo gennaio-febbraio per le parrocchie di Mansuè e Basalghelle, ma anche per gli affezionati dell’opitergino-mottense e del coneglianese, l’appuntamento con il Cineforum, un’iniziativa culturale aperta alle idee, e alle diverse idee, sempre ad ingresso libero. In linea &hellip; </p>
<p class="link-more"><a href="https://www.mansueviva.it/cineforum/wp/" class="more-link">Leggi tutto<span class="screen-reader-text"> &#8220;Presentazione 2015&#8221;</span></a></p>
